erivative of 7*b**2/2 + 3*b + 1. Let h be q(-2). What is the hundreds digit of x(h)?
1
Let m = -70 + 78. Let a(s) = 84*s - 23. What is the hundreds digit of a(m)?
6
Let g be (-503)/(20/(-5) + 3) - -6. Let p = g - -367. What is the hundreds digit of p?
8
What is the units digit of 5/(-15)*(-1096740)/108?
5
Let a = 58 - 35. Suppose 0 = a*h - 26*h. Suppose h = 17*w - 19*w + 200. What is the hundreds digit of w?
1
Suppose 77 = 14*j + 35. What is the units digit of j?
3
Let g = 21 + -19. What is the tens digit of 20/(-20) + 34/g*3?
5
Suppose -2*n - 4*u = -11638, 2*u + 23249 = 4*n + u. What is the hundreds digit of n?
8
Suppose 0 = 3*j + 5*u - 817, 0*j - 547 = -2*j - u. Let x = j + 64. What is the units digit of x?
8
Let m(i) = -4*i + 3 + 20 - 10 - 8*i**2 + 2*i**3. What is the hundreds digit of m(6)?
1
Let u be (-969)/114 + (-3)/2. What is the tens digit of 1*(1387 + (u - -4))?
8
Let t(c) be the second derivative of -c**5/12 - 3*c**4 - 7*c**3 - 3*c - 10. Let p(s) be the second derivative of t(s). What is the units digit of p(-14)?
8
Let w(f) = -332*f + 8. Let k be w(-2). Let l = k + -276. What is the hundreds digit of l?
3
Suppose 10 = -6*k + 11*k. Suppose k*n - 5 - 5 = 0. Suppose 71 = f - n*x, -167 = -4*f + 2*x + 45. What is the tens digit of f?
5
Let y = 3199 + 2600. What is the thousands digit of y?
5
Let s be (0 + 2 + 0)*(-5)/(-10). Let t(p) = 244*p + 11. What is the tens digit of t(s)?
5
Let j be ((-32)/24)/2 + 134/(-6). Let f(h) = -14*h + 20. What is the tens digit of f(j)?
4
Suppose q = -i + 4931, 0 = -326*q + 329*q + 4*i - 14797. What is the thousands digit of q?
4
Suppose 2*m - 4*o = -0*m + 29570, 73877 = 5*m + 2*o. What is the tens digit of m?
7
Suppose -2*w - 9 - 43 = -4*y, -5*y + 2*w + 67 = 0. What is the tens digit of (45/6)/(y/50)?
2
Let y(r) = 48*r + 67. Let h(l) = 27*l + 34. Let u(g) = -11*h(g) + 6*y(g). Let d be (26/4)/(2/(-4)). What is the units digit of u(d)?
5
Let g be ((-2)/(-4))/(2/(-36)). Suppose 9*d - 5*d + 4 = 2*l, -3*d = 12. What is the units digit of 44/(-6)*((-567)/l)/g?
7
Let t = 5955 + -1509. Suppose -260*x + t = -251*x. What is the tens digit of x?
9
Let s = 340 - 186. Suppose m = -g + s, -2*m + 12 = -5*m. What is the hundreds digit of g?
1
Let o(a) = 4 + 4 + 2*a**3 - 7*a + 3*a**2 + 8*a**2 + 2*a. Let j be o(-6). Suppose -12 = -2*p - j. What is the units digit of p?
5
Let k(z) be the second derivative of z**4/2 + 35*z**3/6 + 14*z**2 + 279*z. What is the hundreds digit of k(-16)?
0
Let a(y) = 6*y + 189. Let g be a(-29). Suppose 6492 = g*j - 11328. What is the thousands digit of j?
1
Let u = -152 - -156. What is the tens digit of (u - 0 - 14)*-6?
6
Suppose -10*j + 15*j = -20, 2*j = 3*l - 38. Suppose l*o - 12377 = -527. What is the tens digit of o?
8
Suppose 0 = -3*b - 9 + 24. Suppose s - b = 0, -21*r + 4*s + 3490 = -18*r. What is the units digit of r?
0
Let x(l) = l**2 - 182*l - 32. What is the thousands digit of x(-16)?
3
Let q(z) = -26 + 16*z + 75*z**3 - 159*z**3 - 11*z**2 - 32 + 83*z**3. What is the units digit of q(-13)?
2
Suppose -57 = -3*c + 3*s, -5*s - 9 = 16. Let n be 104/6 - (-3 - c/(-6)). Suppose -t = -n - 91. What is the hundreds digit of t?
1
Let w(s) = -50*s + 132. Let l be w(3). Let h = 13 + -31. What is the units digit of l*(2 - (-84)/h)?
8
Let f = 8910 - -6758. What is the ten thousands digit of f?
1
Suppose -2*s + 49 = -0*w + w, 0 = -s - 3*w + 12. Let q(m) = -5*m + 167. What is the units digit of q(s)?
2
Suppose -14 = -2*z + 3*r, 2 = -z - 0*z - 3*r. Suppose 0*c + 5*c - 60 = -5*a, z*c - 15 = -a. What is the tens digit of a?
1
Suppose 532*o - 3*j = 528*o + 160229, 3*o + j - 120188 = 0. What is the units digit of o?
1
What is the thousands digit of -17 + 7862 + 39/(-3)?
7
Let j(h) = 30 + 270 + 32 + 4*h. Let s be j(0). Suppose 0 = 2*d + 30 - s. What is the tens digit of d?
5
Suppose -548708 = -191*m + 1593040 - 20693. What is the units digit of m?
5
Let y be (-4 - -1) + -792 - (-45)/(-15). Let u = y - -1346. What is the units digit of u?
8
Suppose -5*z + 146 = -184. Suppose 5*o - 2678 = -29*o + 586. Suppose z = 2*a - o. What is the tens digit of a?
8
Let k(v) = 910*v**2 + 6*v + 1. Let c(x) = -5*x - 11. Let u be c(-2). What is the hundreds digit of k(u)?
9
Suppose 0 = 5*y + 28 - 1043. Let j be (-1)/((-25)/30)*(-560)/6. Let d = j + y. What is the tens digit of d?
9
Suppose 4*j = 73 + 23. Let v be (3/((-90)/200))/(4/6). Let i = j - v. What is the units digit of i?
4
Suppose h - 2*d = 1, -h + 4*d - 7*d + 11 = 0. Suppose 0 = 4*j - h*f - 2365, 0*j + 5*f = -j + 560. What is the tens digit of j?
8
Let d(n) = 575*n - 3052. What is the hundreds digit of d(17)?
7
Suppose -3*o - 5*d + 18975 = 0, 11*d = 5*o + 13*d - 31644. What is the tens digit of o?
3
Let l be (-2 - 30/(-5)) + 101. Suppose 0*p + l = 7*p. What is the tens digit of ((-6)/(-2))/(p/115)?
2
Let m = -3874 + 4593. What is the units digit of m?
9
Suppose 12756 = l - 5*h - 9776, -l - 2*h = -22567. What is the units digit of l?
7
Suppose 0*m = -8*m - 2208. Let f = 160 + m. What is the hundreds digit of (-2)/(-1) - f - (-4 + 2)?
1
Let v = -48391 + 93222. What is the ten thousands digit of v?
4
Let u be (-2)/3 - (-203070)/18. Suppose -u = -19*z - 10*z. What is the units digit of z?
9
Let z(u) = -4*u - 4. Let j be z(2). Let c = j - -10. What is the tens digit of 3 + (72 - 2) - c?
7
Suppose -200*t + 58*t = 80*t - 2484402. What is the tens digit of t?
9
Let q(x) be the second derivative of -16*x**3/3 - 3*x**2 + 99*x. Let v = -31 - -29. What is the tens digit of q(v)?
5
Let h = 63231 + -5810. What is the hundreds digit of h?
4
What is the thousands digit of 6 + (-10 - 944289/(-54)) + 1/6?
7
Let k = 157 - 85. Let l = k - 42. What is the units digit of (-148)/(-10)*l/12?
7
Suppose 5*z + 0*v - 5*v = 50, -35 = -3*z + 4*v. Suppose -3*s = -z*x + 514 + 383, -x + 175 = -5*s. Let b = -25 + x. What is the units digit of b?
5
Let b(c) = 81*c**2 + 35*c - 35*c**2 - 45*c**2 + 99. What is the units digit of b(-41)?
5
Suppose 2*l + 4*k - 1624 = -2*l, -3*k = l - 416. Suppose -5*q = 4*q + 2493. Let w = q + l. What is the hundreds digit of w?
1
Let q = 1 + -9. What is the tens digit of -39*4/q*2?
3
Let t = 121012 - 79692. What is the units digit of t?
0
Suppose 99*y = 45*y + 773820. What is the hundreds digit of y?
3
Suppose 4*r = 5*d + 96 + 26, 0 = 5*r + 5*d - 130. Suppose -2*s + 38 = 3*g, 3*g = 4*s + 36 + 14. Let a = r + g. What is the units digit of a?
2
Let p(t) = 60*t**2 - 334*t + 136. What is the tens digit of p(26)?
1
Let g = -686 - -705. Suppose -5*d + 1790 = 2*x, 2*x - 1790 = -g*d + 15*d. What is the tens digit of x?
9
Suppose 5*i - 52 = -0*i - 4*l, -2 = -i + 2*l. What is the tens digit of 9*(-5)/((-15)/i)?
2
Let g = 83 - 75. Suppose -g*i + 7*i = 111. Let f = 173 + i. What is the units digit of f?
2
Let z(r) = 1977*r + 231. What is the units digit of z(3)?
2
Suppose -3*l + a = -12, 6*l - 2*a = 5*l + 4. Suppose l*x - 1645 = -3*h + 238, 20 = 4*h. What is the units digit of x?
7
Let h = 13877 + 18606. What is the ten thousands digit of h?
3
Suppose -266*j = -234*j - 146368. What is the units digit of j?
4
Let a = -46 - -48. Suppose -4*m + a*m - 826 = -2*k, -3*k + 4*m = -1243. Let t = k - 255. What is the units digit of t?
4
Suppose 21*x = 50*x - 68063. What is the hundreds digit of x?
3
Suppose 5*t = 2*t + 15. Suppose -t*f + 2401 - 776 = 0. Suppose -925 = -5*n + f. What is the hundreds digit of n?
2
Let c(f) = -761*f - 2735. What is the ten thousands digit of c(-21)?
1
Suppose 6*t = 2 + 16. Suppose d + 517 = 5*r - t*r, 0 = -5*r + 5*d + 1285. Suppose -2*u - 2*u + 3*y + 187 = 0, 5*u + 5*y = r. What is the tens digit of u?
4
Suppose 3*p - 15 = 0, 8*p = -2*j + 4*p + 530. Let f = j + 50. What is the units digit of f?
5
Suppose 2*r - 2317972 = -32*r + 565194. What is the hundreds digit of r?
7
Let r(t) be the second derivative of t**4/2 + 5*t**3/6 - 15*t**2 - 2*t. Let g = -1188 + 1194. What is the tens digit of r(g)?
1
Let r = 1971 - -4726. What is the hundreds digit of r?
6
Suppose -9*l + 424 = 397. Suppose -3*c = m - 594 - 998, -4*m - 1612 = -l*c. What is the units digit of c?
2
Let s(p) = 6876*p**2 - 46*p - 45. What is the hundreds digit of s(-1)?
8
Suppose -156 = -5*c - 41. Suppose 0 = -c*u + 26*u - 687. Suppose -185 - u = -9*b. What is the tens digit of b?
4
Suppose -23*v + 151